n base 10, what is -1067 + -77?
-1144
In base 3, what is 10222 - 220002211?
-212221212
In base 14, what is a + 11?
1b
In base 6, what is -210301 + 24?
-210233
In base 6, what is 22341 - -13?
22354
In base 15, what is 1573 - 0?
1573
In base 2, what is -1000 - 1000101101111111?
-1000101110000111
In base 10, what is -2 - -38413?
38411
In base 15, what is -5 - 4400?
-4405
In base 2, what is 10000 - -101001100100011?
101001100110011
In base 14, what is -7 + -3016?
-301d
In base 13, what is -6119c + -1?
-611a0
In base 9, what is -10610 + -2?
-10612
In base 5, what is 1101420222 + -4?
1101420213
In base 16, what is -459 - 15?
-46e
In base 3, what is -1012 + -2?
-1021
In base 6, what is -553 - -50?
-503
In base 5, what is 114 - -212423?
213042
In base 3, what is -1110101212 - 11212?
-1110120201
In base 8, what is 13336 + 54?
13412
In base 9, what is -2 - 31723?
-31725
In base 10, what is 3 + 80543?
80546
In base 11, what is -5 - 104a9?
-10503
In base 11, what is -5 - 73a43?
-73a48
In base 5, what is -3 - -342201?
342143
In base 3, what is -101012 - -1002000?
200211
In base 10, what is 58 + -5236?
-5178
In base 2, what is 1001 + -1001100001111?
-1001100000110
In base 11, what is -692 + 74?
-619
In base 16, what is 21 - -1827?
1848
In base 8, what is -3 - -114037?
114034
In base 12, what is -40276 - -12?
-40264
In base 3, what is 121 - -12?
210
In base 3, what is 1011020001 - -2100?
1011022101
In base 12, what is 11a82 - 0?
11a82
In base 5, what is 24303 + -13?
24240
In base 10, what is 18223 - 17?
18206
In base 2, what is 10011 - 10111000001011?
-10110111111000
In base 16, what is -9e3c - b?
-9e47
In base 5, what is 4 + 4230143?
4230202
In base 12, what is 6295 + 8?
62a1
In base 9, what is -7 - 6870?
-6877
In base 13, what is 5 - 5515?
-5510
In base 4, what is -2011 - -231232?
223221
In base 6, what is 53453 + -25?
53424
In base 15, what is -235de + -4?
-235e3
In base 2, what is -101 - 10000010000110100100?
-10000010000110101001
In base 10, what is 4098393 + 5?
4098398
In base 5, what is 31 - 3121?
-3040
In base 2, what is -111110010011 - 1101?
-111110100000
In base 3, what is -20202002 - 1222?
-20211001
In base 3, what is -102010011000 + -10?
-102010011010
In base 6, what is -5 - -1244025?
1244020
In base 13, what is 707 + 8?
712
In base 3, what is -10211 + 102?
-10102
In base 4, what is -2022223 - -3?
-2022220
In base 15, what is 48 + -5a81?
-5a38
In base 5, what is 10 - 132113?
-132103
In base 7, what is -1 + 202113?
202112
In base 6, what is 224 - -204525?
205153
In base 10, what is 429 - -17?
446
In base 10, what is 188 + -1848?
-1660
In base 15, what is -639c + -4?
-63a1
In base 11, what is a46515 - 1?
a46514
In base 6, what is 4 - -31335?
31343
In base 14, what is -b - 2c98?
-2ca5
In base 2, what is 1000010000011 - -101111?
1000010110010
In base 12, what is 983 - 1?
982
In base 13, what is 19 - -2212?
222b
In base 3, what is -1121 - 2001101?
-2002222
In base 8, what is 774 - -1444?
2440
In base 3, what is -1000010101 + -2?
-1000010110
In base 2, what is -1011000100110011 + -100?
-1011000100110111
In base 6, what is -142 - 20241?
-20423
In base 3, what is 12211121000 + 12?
12211121012
In base 14, what is 44 - -2c36?
2c7a
In base 7, what is 465501 + 1?
465502
In base 3, what is 2 + -12021011000?
-12021010221
In base 12, what is 79 + -1a5?
-128
In base 7, what is 112313 + -12?
112301
In base 12, what is 13 + -1819?
-1806
In base 3, what is -2210 - -12222?
10012
In base 14, what is 57a1 - -20?
57c1
In base 9, what is -101213 - -1?
-101212
In base 7, what is -1 - 6043523?
-6043524
In base 13, what is 1 - -24a7a?
24a7b
In base 9, what is 3047 + -2741?
206
In base 8, what is 21 + 4221?
4242
In base 14, what is -a6c0d - -d?
-a6c00
In base 13, what is -923 + -75?
-998
In base 11, what is -2 + 93a?
938
In base 15, what is 5 - -22aa?
22b0
In base 9, what is 163 + 6154?
6327
In base 12, what is -717700 - -1?
-7176bb
In base 7, what is 25 - -126544?
126602
In base 14, what is -5 + 13c96?
13c91
In base 3, what is 201 - -2101122211?
2101200112
In base 14, what is 7194 + -1?
7193
In base 4, what is 10 + -12332323?
-12332313
In base 16, what is -17 - 579?
-590
In base 7, what is 130611665 + 2?
130612000
In base 11, what is 309 - -176?
484
In base 2, what is -10101001 - -101001101?
10100100
In base 13, what is 1cc + -2798?
-2599
In base 14, what is 71 - 9d4?
-963
In base 12, what is -9977b + 0?
-9977b
In base 3, what is 200 + 101210202111?
101210210011
In base 2, what is 10111010111110001 + 11?
10111010111110100
In base 4, what is -101 - 1102223?
-1102330
In base 14, what is -29a0 - 391?
-2d51
In base 15, what is -6 - -995a?
9954
In base 10, what is -25861 + 1?
-25860
In base 10, what is 0 + -395182?
-395182
In base 8, what is -620164 - 0?
-620164
In base 10, what is 415477 - -4?
415481
In base 13, what is 4 - 88a5?
-88a1
In base 7, what is -132 + 133410?
133245
In base 7, what is -1000 + -351?
-1351
In base 4, what is 10300130 + -10?
10300120
In base 12, what is -4 - 28636?
-2863a
In base 6, what is 205410 + -1?
205405
In base 12, what is -231 + -1637?
-1868
In base 2, what is -100110 - -100101000100?
100100011110
In base 9, what is -2383 + 44?
-2338
In base 15, what is -12 + -13b7?
-13c9
In base 2, what is -10100111 - 1111100001000?
-1111110101111
In base 8, what is -5 - 134573?
-134600
In base 10, what is -162820 - -5?
-162815
In base 4, what is -1113 + 122322?
121203
In base 10, what is 1939 - -238?
2177
In base 15, what is -374b + 5?
-3746
In base 15, what is -491b49 - 4?
-491b4d
In base 10, what is -646 - -66?
-580
In base 2, what is -110100 - 1000010000?
-1001000100
In base 15, what is -54 - 13db?
-1440
In base 8, what is -1715 - 5?
-1722
In base 11, what is -130 + -408?
-538
In base 10, what is -35601 + 4?
-35597
In base 16, what is -108c1 - -5?
-108bc
In base 10, what is -28143 + -18?
-28161
In base 12, what is -44708 - 6?
-44712
In base 8, what is 106731 - 4?
106725
In base 4, what is -20 + 1132202?
1132122
In base 16, what is -55bf - 1d?
-55dc
In base 6, what is 1 + -110414?
-110413
In base 14, what is 7 - -2aa?
2b3
In base 10, what is -1740230 - -3?
-1740227
In base 8, what is -7464635 - -2?
-7464633
In base 6, what is -2333410 + 4?
-2333402
In base 11, what is -4395 + 3?
-4392
In base 5, what is -3 + 1024322?
1024314
In base 2, what is -10011011001 - 11000010?
-10110011011
In base 10, what is 30 - -1378?
1408
In base 15, what is -6 + 392?
38b
In base 6, what is 135 + -242220?
-242041
In base 11, what is 7 - -72192?
72199
In base 3, what is 11 + -1002010122?
-1002010111
In base 2, what is 10110100000001111111001 + 0?
10110100000001111111001
In base 10, what is -87089 + -5?
-87094
In base 13, what is -a778 + -1?
-a779
In base 8, what is -1374 + 2334?
740
In base 13, what is 198 - a1?
c7
In base 6, what is 4 + -41145?
-41141
In base 15, what is 895 + -28?
86c
In base 9, what is -120 + -1824?
-2044
In base 2, what is -1010101010 + -1011100111?
-10110010001
In base 11, what is -352a75 - -5?
-352a70
In base 13, what is -a658 + 3?
-a655
In base 15, what is -132 - -1a?
-117
In base 8, what is -3 - 34472?
-34475
In base 7, what is 3255 - 263?
2662
In base 11, what is 2a397 - -25?
2a411
In base 4, what is 203 - -30210020?
30210223
In base 9, what is -24311 - 3?
-24314
In base 16, what is -3 - 1247f4?
-1247f7
In base 7, what is -10556 + -4300?
-15156
In base 16, what is 66 - 20f8?
-2092
In base 13, what is -2484c - 4?
-24853
In base 3, what is -121 - -21102202?
21102011
In base 7, what is 122315 - 3?
122312
In base 13, what is 13216 + 5?
1321b
In base 13, what is 5 + -9cb?
-9c6
In base 2, what is 10101111 - 10011000?
10111
In base 3, what is 12020101 + 2?
12020110
In base 6, what is -1345 + -431?
-2220
In base 4, what is 210103 - 10020?
200023
In base 10, what is -5 - 7014?
-7019
In base 11, what is 4 - 521a47?
-521a43
In base 15, what is 1e5 - -36?
22b
In base 13, what is -11225 - -3?
-11222
In base 8, what is 1 + -26300?
-26277
In base 2, what is 11000001 - -101111010?
1000111011
In base 8, what is -3 + -12463?
-12466
In base 16, what is 69 + -ff?
-96
In base 14, what is -8c1c + -4?
-8c22
In base 5, what is 112 - 4212?
-4100
In base 13, what is -16776 - -6?
-16770
In base 15, what is 270 - -1cd?
44d
In base 5, what is -30 - -23414?
23334
In base 6, what 